Let c(r) = 12 + j + 2*r - 28. What is c(2)?
4
Let l = -117 + 175. Let o be l/(-8) + (-5)/(-20). Let x(v) = -16*v + v**2 - 1 - 1 + 15*v + 9*v. Calculate x(o).
-9
Let k(d) = -d**2 - 6*d - 7. Let o(n) = -n**3 - 20*n**2 - 37*n - 21. Let i be o(-18). Give k(i).
2
Let v(u) = 5*u**3 + 5*u**2 + 3*u - 2. Let d(g) = -4*g**3 - 5*g**2 - 2*g + 3. Let w(b) = 4*d(b) + 3*v(b). Let l be w(-5). Let a(r) = -3*r**3 - r**2. Give a(l).
-4
Suppose a + 391 = 3*u + 153, 5*a = u - 98. Let m(c) = -u*c - 70*c + 149*c. What is m(-7)?
-7
Let f(y) = -2*y - 9. Let h(l) = 10*l - 19*l + 8*l. Let t(q) = f(q) + 3*h(q). Calculate t(-7).
26
Let s(f) be the third derivative of f**6/360 - f**5/120 - f**4/12 + f**3/3 + 19*f**2. Let o(d) be the first derivative of s(d). Calculate o(0).
-2
Let n = -15 + -1. Let r = 13 + n. Let y(i) = i**3 + 3*i**2 - 2*i - 3. What is y(r)?
3
Let n(o) = 8*o + 4. Suppose 273*a = 265*a - 24. Determine n(a).
-20
Let a(g) = 8*g - 1 + 4*g + g + 3*g - 15*g. Suppose y = 3*w - y + 7, -2*y + 13 = 3*w. Determine a(w).
0
Let m(p) = 3*p**3 + p. Let x be m(1). Let f = x - 9. Let g(q) = 0*q - q**2 + 2*q + 6 - 10 - 9*q. What is g(f)?
6
Let l(i) be the second derivative of -i**3/6 + 3*i**2/2 - 2*i. Let q = 2651 + -2645. What is l(q)?
-3
Suppose 11*n - 3 - 129 = 0. Let a(m) = m**3 - 13*m**2 + 12*m - 3. Determine a(n).
-3
Let i be (0/2)/((-34)/(-17)). Suppose 4*x + 12 = 2*q - i*q, 0 = 4*x + 4*q + 12. Let o(s) = -s**3 - 3*s**2 + s + 2. Determine o(x).
-1
Let t(j) = j**3 - 2*j**2 - j + 1. Let u(g) = g - 2. Let m be u(6). Suppose 5 = 3*q + 4*n, -4*q + m = 3*n - 5. What is t(q)?
7
Let f(k) = -k**3 - 4*k**2 + 2*k**2 - 321 + 319 + 3*k. Determine f(-4).
18
Let v(j) = -2*j + 5. Let s(k) = -k - 3. Let i(n) = s(n) - v(n). Suppose -5*b - 2*u + 40 = -6*u, 2*u = -10. Give i(b).
-4
Let j(o) = 112*o**3 - 5*o**2 + 57 - 111*o**3 - 70 - 2*o. Give j(6).
11
Let d(k) = -k - 1. Let v be (-1)/4 + 9/(-12). Let b be v/(((-8)/12)/(-2)). Let s be 2 - (0 + -3 - b). Determine d(s).
-3
Let h(q) = -q**3 - 9*q**2 + 12*q + 15. Suppose 13*t - 8*t = 15. Let u(s) = -s**2 + 5*s - 16. Let d be u(t). Give h(d).
-5
Let y(j) = -j**3 - 5*j**2 - 4*j. Let p(m) = m**2 - 2*m - 3. Let s = 20 - 16. Suppose -k = s*k. Let z be p(k). Give y(z).
-6
Let y be (-6)/4*((-26)/6 - 5). Let n = y - 19. Let a(u) be the second derivative of -u**4/12 - 7*u**3/6 - 5*u**2/2 + u. What is a(n)?
5
Let q(m) = -m**2 - m + 1. Suppose -5*a - 45 = -5*w, 5*a + 1 = -3*w - 4. Suppose w*f = -f. Suppose -5*y + 9*y - 4 = f. Calculate q(y).
-1
Suppose -3*v = 5*k + 2*v - 20, 2*k - 2*v = 4. Let w(x) = k*x**2 - 7 + 0 - 3 - x + 6*x**2 + x**3. Let b be 3*(-8)/8*(1 + 2). Determine w(b).
-1
Let q(c) = -c**3 + 4*c**2 + 7*c. Suppose -25 = -4*k - 1. Let m = 9 - k. Let x be (-12)/(-9)*m + 1. Determine q(x).
10
Let w(h) = 2 - 4 - h - 5. Let x be -4 + 1/((-5)/(-30)). Suppose -x*f = -5*i, 5*f + i = -i. Give w(f).
-7
Let u(m) = -m**3 - 5*m**2 + 2*m + 4. Let k = -28 - -44. Let v = k - 21. Calculate u(v).
-6
Let v(n) = n**3 - 7*n**2 - 7*n - 5. Suppose 8*j + 93 - 157 = 0. What is v(j)?
3
Let z(s) be the second derivative of -s**5/20 - 3*s**4/4 - s**3/6 - 4*s**2 - 85*s. What is z(-9)?
1
Let a(o) = -14*o + 6*o + 19 + 6*o - 4*o. Let h be a(4). Let s(t) = t - 4. Give s(h).
-9
Let o be 30/42 - (-4 + 156/42). Let j(a) = -32*a**3 + 2*a**2 - a. Give j(o).
-31
Let t(v) = -v**3 + 5*v**2 + 5*v + 4. Let c = 18 + -16. Suppose -g + 18 - 8 = p, c*p - 3*g = 0. Determine t(p).
-2
Let y(c) = -125*c - 1 + 5*c**2 - 119*c + 370*c - 124*c. Give y(1).
6
Let z(f) be the second derivative of f**4/12 - 5*f**3/3 + 11*f**2/2 - 2*f. Suppose 0 = -p + 3*i + 8, -2*p + 3*i = -7*p + 40. Give z(p).
-5
Suppose -4*i + 13 = 1, 26 = 4*u + 2*i. Let m(x) be the third derivative of 1/24*x**4 + 0 - u*x**2 + 2/3*x**3 + 0*x. Calculate m(3).
7
Let d(q) be the second derivative of q**4/12 + 4*q**3/3 + q**2/2 + 7*q. Suppose 3*l + l = -3*p - 25, 0 = 3*p - 3*l + 18. Give d(p).
-6
Let w(u) = 15 - 4 + 0*u - 4*u - 5 + 3*u - u**3. Give w(0).
6
Let s be 4/(-36) - 16/18. Let g(b) = -17*b**3 + 2*b + 1. Calculate g(s).
16
Let o(t) = 3 + 3 + 2 - 6 + 0 + t. Let r be 5/(2 + (-6)/2). Determine o(r).
-3
Let i be (9/(-2) + 3)/((-54)/72). Let k(a) = a**2 + a - 1. What is k(i)?
5
Suppose -37 = -5*i + 4*n, 0*i + 3*n - 1 = -2*i. Let o(f) = -f**3 - 150*f**2 + 78*f**2 + 78*f**2 - 6*f + 3. Calculate o(i).
-2
Let l(q) = q - 1. Suppose d = 5*a, 2*a - d = -3*d + 12. What is l(a)?
0
Let p be (-4 - 1)/((-236)/(-20) + -12). Let a(m) = -m**2 + 23*m + 54. Determine a(p).
4
Let c = 10 + -12. Let b be c*((-4)/(-1))/(-2). Let o(h) = -h + 2*h + b*h - 8 + 4*h**2 - 3*h**2. Calculate o(-6).
-2
Let g(c) = -c**3 - 6*c**2 - 4*c + 5. Let o be g(-5). Let a(q) be the first derivative of -q**2/2 + 9*q - 48. Determine a(o).
9
Let z(i) = -31*i - 2 + 17*i + 12*i. Calculate z(6).
-14
Let m(n) = n + 1. Let j(g) be the third derivative of g**5/60 + g**4/24 - 5*g**3/6 - 5*g**2. Let l(o) = -j(o) - 2*m(o). Determine l(-4).
-1
Let j(p) = 2*p**2 + 17*p + 7. Let q = 31 + -39. Let f be j(q). Let y(n) be the second derivative of -7*n**4/12 - n**3/6 - n**2/2 - 2*n. Determine y(f).
-7
Let d(r) be the third derivative of 11*r**4/24 + 2*r**2. Suppose 5*j - 240 = -3*z, -2*j - 334 = -4*z - 4*j. Let b = 86 - z. Determine d(b).
11
Let d(w) = 9*w - 2. Suppose 22 = -9*s + 13. Determine d(s).
-11
Suppose -5*d = -z + 26, -4*d + 6*d = 3*z - 13. Let j(k) = -4*k - 4. Let h(s) = -s. Let p(b) = z*j(b) - 5*h(b). Let t = 1 - -6. What is p(t)?
3
Suppose 2*r = -3*r - 30. Let t be (r + 11)*(2 + -1). Suppose 4*z - 30 = -t*x + 2*x, x + 2*z - 12 = 0. Let g(j) = j**2 - 7*j + 5. Determine g(x).
-1
Let l(i) = -i**3 - 4*i**2 - i - 3. Let x(t) = 4*t + 41. Let o be x(-11). What is l(o)?
-9
Suppose -7*b - 48 = -3*b. Let r(m) = m + 17. Let j be r(b). Let i(f) = -4*f + 2*f + j - 4 - 5*f. Determine i(-2).
15
Suppose 10 = 2*w - 0. Let h(z) = -z + 0 + 2*z - w. Let c = 232 - 232. Determine h(c).
-5
Suppose -128 = 9*v - 470. Let m(s) = s**2 + 0*s**2 + 7 + 32*s - v*s. Suppose j - 5*h - 5 = 0, 2*j - 4*h - 3 = 7. Give m(j).
2
Let f(k) be the third derivative of k**8/20160 - k**7/840 - k**6/80 + 5*k**5/12 - 12*k**2. Let w(y) be the third derivative of f(y). Give w(8).
7
Let g(n) = 15*n. Suppose -5*l + 1 = z - 2*z, -1 = -l. Suppose 0 = -z*m + 2*r + 6, -2*m + r = 6*r + 27. Determine g(m).
-15
Let q(w) = 3*w**2 + 0*w**2 - 13*w**2 + 12 + 5*w**2 + 4*w**2 - 6*w. Calculate q(-7).
5
Let y(z) be the third derivative of -1/120*z**6 - 1/6*z**3 + 0 + 1/12*z**5 + 0*z - 4*z**2 + 0*z**4. Give y(5).
-1
Let d(t) = -13*t + 107. Let u be d(8). Let o(m) be the third derivative of 0 + 0*m + 1/60*m**5 - 1/3*m**u - 1/12*m**4 - m**2. What is o(3)?
1
Let k(p) = 2 + p**2 - 10 + 4*p + 3 - 3*p**2. Let c(m) = -m - 3. Let x be c(-2). Let h(t) = -t**2 - t. Let j(a) = x*k(a) + 3*h(a). Determine j(-7).
5
Let l = -1838 - -1826. Let f(w) = -w - 5. Determine f(l).
7
Let h(w) = -2*w**2 - 4*w + 1 + 2*w**3 - w**3 - 4 - 1. Suppose 0 = 4*j - 8, -3*j = -2*t - 2*j + 6. Determine h(t).
12
Let j(m) be the second derivative of m**4/12 - 11*m**3/6 - 2*m**2 - 188*m - 1. What is j(12)?
8
Let f = -368 + 353. Let u(g) = -g**3 - 14*g**2 + 15*g + 10. Give u(f).
10
Let f(c) = -c + 5. Let u be 6/12 + 3/2. Suppose -u*o + 8 = -6*o. Let t = o - -2. Determine f(t).
5
Let z(t) = -14*t**2 - 2*t - 11. Let l(y) = 17*y**2 + 2*y + 13. Let i(s) = -5*l(s) - 6*z(s). Suppose 3 = -5*p - 2. Calculate i(p).
-2
Let m(d) = -171*d + 10 + 88*d + 94*d + d**2. What is m(-12)?
22
Suppose 0*b - 30 = -5*b. Let x(d) = 2 - d + 0*d**2 - b - d**2 - 6*d. Determine x(-6).
2
Let f(v) = -2*v**3 + 15*v**2 + 3*v + 46. Let l be f(8). Let d(q) = q**3 - 5*q**2 - 9*q + 8. Calculate d(l).
-10
Let r(b) = -3*b. Let p(f) = f**3 - 6*f**2 + 10*f - 10. Let o(w) = w**2 - 7*w - 5. Let h be o(8). Suppose h*x = 8*x - 20. Let j be p(x). What is r(j)?
6
Let h be 4/6*(59 - 14). Let g be -5*(h/25)/3. Let t(q) = -q**2 + q - 1. Let o(b) = -4*b**2 + 6*b - 4. Let s(a) = -o(a) + 6*t(a). Give s(g).
-10
Let h(z) be the third derivative of z**6/120 - z**5/12 + z**4/6 + 2*z**3/3 + z**2. Suppose -80*t + 32 = -72*t. What is h(t)?
4
Let o(y) be the second derivative of y**5/30 - y**3/6 + y**2 + 2*y. Let x(b) be the first derivative of o(b). Let g = 70 - 69. Determine x(g).
1
Let j(n) be the first derivative of n**7/840 - n**5/120